645554?
5
What is the hundred millions digit of 267898034?
2
What is the ten thousands digit of 154269938?
6
What is the thousands digit of 7266194941?
4
What is the hundred millions digit of 1833078051?
8
What is the units digit of 325694703?
3
What is the thousands digit of 71840790?
0
What is the ten millions digit of 51047477?
5
What is the thousands digit of 319759806?
9
What is the thousands digit of 563287331?
7
What is the hundreds digit of 40756459?
4
What is the hundreds digit of 250908249?
2
What is the hundreds digit of 201143558?
5
What is the millions digit of 20622190?
0
What is the hundreds digit of 60406644?
6
What is the thousands digit of 8033114?
3
What is the millions digit of 481646295?
1
What is the hundreds digit of 54432879?
8
What is the billions digit of 1673092636?
1
What is the billions digit of 2511914004?
2
What is the millions digit of 2754545083?
4
What is the tens digit of 633691577?
7
What is the tens digit of 6348343520?
2
What is the millions digit of 973614402?
3
What is the ten millions digit of 67287376?
6
What is the hundred thousands digit of 140442126?
4
What is the units digit of 1809330280?
0
What is the tens digit of 488103561?
6
What is the hundred thousands digit of 842274867?
2
What is the billions digit of 1754382261?
1
What is the hundred millions digit of 2043837217?
0
What is the hundred millions digit of 2874358009?
8
What is the tens digit of 18502050?
5
What is the ten thousands digit of 1043683128?
8
What is the millions digit of 66108255?
6
What is the hundreds digit of 2744684704?
7
What is the millions digit of 766230748?
6
What is the tens digit of 152021689?
8
What is the millions digit of 42737949?
2
What is the ten millions digit of 155773750?
5
What is the millions digit of 1591229116?
1
What is the ten thousands digit of 52586962?
8
What is the ten thousands digit of 1509190862?
9
What is the tens digit of 3433483199?
9
What is the hundred thousands digit of 112858168?
8
What is the ten millions digit of 1411355656?
1
What is the ten millions digit of 4660494077?
6
What is the tens digit of 3449006419?
1
What is the hundred millions digit of 3142799187?
1
What is the tens digit of 88686261?
6
What is the hundred thousands digit of 282965723?
9
What is the hundred millions digit of 4874849593?
8
What is the thousands digit of 6425964984?
4
What is the hundred thousands digit of 2748124217?
1
What is the tens digit of 221312487?
8
What is the ten millions digit of 764650112?
6
What is the hundred millions digit of 516709511?
5
What is the ten thousands digit of 405413420?
1
What is the units digit of 4226604382?
2
What is the ten millions digit of 3833012081?
3
What is the ten thousands digit of 4879480129?
8
What is the ten thousands digit of 985141779?
4
What is the tens digit of 202304486?
8
What is the thousands digit of 1724378820?
8
What is the ten millions digit of 73431309?
7
What is the hundred thousands digit of 26392049?
3
What is the hundred thousands digit of 89974486?
9
What is the tens digit of 57407035?
3
What is the thousands digit of 1300579290?
9
What is the thousands digit of 2245157?
5
What is the thousands digit of 57554567?
4
What is the units digit of 213942845?
5
What is the tens digit of 803258406?
0
What is the millions digit of 91292990?
1
What is the billions digit of 2640636540?
2
What is the units digit of 652696067?
7
What is the hundreds digit of 2540165287?
2
What is the tens digit of 207002994?
9
What is the billions digit of 1108161950?
1
What is the hundred millions digit of 788533402?
7
What is the hundred thousands digit of 1841024062?
0
What is the ten millions digit of 718080177?
1
What is the tens digit of 913701710?
1
What is the ten millions digit of 78118214?
7
What is the hundred thousands digit of 61829931?
8
What is the thousands digit of 257919570?
9
What is the units digit of 350239560?
0
What is the ten millions digit of 403466228?
0
What is the hundred thousands digit of 1258632152?
6
What is the hundreds digit of 302140376?
3
What is the hundreds digit of 2798248936?
9
What is the tens digit of 235238952?
5
What is the thousands digit of 2139700457?
0
What is the millions digit of 178830725?
8
What is the tens digit of 193297463?
6
What is the hundreds digit of 137725859?
8
What is the tens digit of 148079999?
9
What is the hundreds digit of 1747145020?
0
What is the hundred thousands digit of 359125710?
1
What is the thousands digit of 4677238029?
8
What is the ten thousands digit of 1167200742?
0
What is the units digit of 1891790640?
0
What is the millions digit of 88188693?
8
What is the ten millions digit of 257950416?
5
What is the hundred thousands digit of 106255679?
2
What is the millions digit of 1103662550?
3
What is the hundred thousands digit of 489088819?
0
What is the tens digit of 10151965?
6
What is the units digit of 153746262?
2
What is the tens digit of 1691912464?
6
What is the millions digit of 66010094?
6
What is the ten millions digit of 124172431?
2
What is the ten millions digit of 20862223?
2
What is the millions digit of 1105695047?
5
What is the millions digit of 67407266?
7
What is the billions digit of 3960811361?
3
What is the tens digit of 431645885?
8
What is the millions digit of 84702538?
4
What is the hundred millions digit of 467741276?
4
What is the millions digit of 2541517?
2
What is the millions digit of 433084551?
3
What is the ten millions digit of 38148977?
3
What is the millions digit of 9616456?
9
What is the hundred millions digit of 303385593?
3
What is the thousands digit of 87013364?
3
What is the tens digit of 2428972078?
7
What is the hundred thousands digit of 115551857?
5
What is the tens digit of 334823742?
4
What is the thousands digit of 4265275?
5
What is the hundreds digit of 67481884?
8
What is the ten thousands digit of 878512799?
1
What is the units digit of 251244231?
1
What is the hundred thousands digit of 150415971?
4
What is the millions digit of 105744424?
5
What is the hundreds digit of 911094645?
6
What is the thousands digit of 224270340?
0
What is the units digit of 766604484?
4
What is the thousands digit of 1626089150?
9
What is the millions digit of 1142841385?
2
What is the tens digit of 1146510313?
1
What is the ten thousands digit of 1665432809?
3
What is the hundred millions digit of 1135663253?
1
What is the units digit of 38507445?
5
What is the ten thousands digit of 1289280790?
8
What is the thousands digit of 192209952?
9
What is the thousands digit of 773209766?
9
What is the ten millions digit of 209122586?
0
What is the hundreds digit of 4133530?
5
What is the thousands digit of 114953015?
3
What is the ten millions digit of 147139801?
4
What is the units digit of 31516209?
9
What is the hundred thousands digit of 71166903?
1
What is the millions digit of 403311456?
3
What is the ten millions digit of 755637632?
5
What is the hundred thousands digit of 195398460?
3
What is the hundred thousands digit of 4774919?
7
What is the hundred millions digit of 2889218545?
8
What is the ten millions digit of 1038706222?
3
What is the thousands digit of 65663499?
3
What is the hundred thousands digit of 61599562?
5
What is the hundred thousands digit of 3261394687?
3
What is the hundred millions digit of 2244613963?
2
What is the ten thousands digit of 252663405?
6
What is the ten millions digit of 142832300?
4
What is the hundreds digit of 763687?
6
What is the tens digit of 2357894?
9
What is the hundred millions digit of 6544226615?
5
What is the thousands digit of 563792208?
2
What is the units digit of 836491417?
7
What is the ten thousands digit of 18400429?
0
What is the hundreds digit of 93120638?
6
What is the units digit of 3815680711?
1
What is the hundred thousands digit of 6741446?
7
What is the hundreds digit of 212599436?
4
What is the hundred millions digit of 421520968?
4
What is the thousands digit of 13596241?
6
What is the ten thousands digit of 62974850?
7
What is the thousands digit of 1926380756?
0
What is the tens digit of 10633736?
3
What is the ten thousands digit of 179975968?
7
What is the thousands digit of 255711911?
1
What is the hundred millions digit of 1244943329?
2
What is the hundred millions digit of 492965698?
